-2 - (0 - -18 - (459 - 423))?
13
(25 - -29) + -41 + -18
-5
What is the value of 23 - (34 - 2 - 11)?
2
8 + (-15 - -17) + -21 - 25
-36
-57 - -54 - (-2 - -3)
-4
-67 + 63 + (0 - 6) + -5
-15
Calculate (-10 - (16 + -52)) + -17.
9
12 - (14 - (10 + 6))
14
16 + 1 + -4 - (1 + -17 - -23)
6
What is (2 + 0 - 2) + (-31 - -34)?
3
-3 - 0 - ((-17 - 8) + 12)
10
Evaluate 0 - (-9 - (-35 - (3 - 9))).
-20
Evaluate -4 - (-19 + 11 + 15 - -2).
-13
(-12 - -8 - -11) + (8 - 0)
15
Calculate 32 - (28 + 9 + -17).
12
What is -12 + 19 + -15 - 7?
-15
Evaluate 12 + -9 + 3 + 24 + -19.
11
Calculate 9 + -6 + -11 + 0 - (0 - -2).
-10
Evaluate -20 - (-26 + 17 + (-3 - -1)).
-9
-3 - (-11 - (-4 - (-4 + -5)))
13
What is the value of -16 - -21 - -6 - -1 - -8?
20
(-6 - 0) + 1 + 1 + 4 + -4
-4
20 - 32 - (-59 - -41)
6
Evaluate (-16 - -2) + 162 + -161.
-13
Evaluate -59 + (43 - 29) - -39.
-6
Evaluate -15 + 1 + 6 - (-6 + 3) - 5.
-10
What is 1 - (-14 + (9 - -24))?
-18
Evaluate 20 + -15 + -1 + -5.
-1
What is the value of 3 + (-24 - (-20 - -10))?
-11
What is the value of 4 + -5 + 6 - (8 - 17)?
14
Evaluate 19 - (15 + (5 - (-8 - -6 - -13))).
10
Evaluate 13 - (15 + 22 + -42).
18
What is (16 - (19 + -10)) + 6?
13
What is 20 + -2 + (388 - 396)?
10
What is 0 + -1 + -19 + (-14 - (-23 - -15))?
-26
(3 - 20) + (13 - 18)
-22
What is (4 - 11) + (134 - 118)?
9
Calculate 398 + -432 - (1 + -27).
-8
Evaluate 10 - (10 - 16) - 2 - 35.
-21
Evaluate 59 + -66 + -1 + 21.
13
Evaluate (-8 - (-6 - 13)) + -5 - 14 - -14.
6
Calculate (-182 - -183 - (1 + -17)) + -3.
14
What is the value of 1 - (8 - (2 - 18) - 11)?
-12
What is the value of 7 - 1 - (-25 + 37)?
-6
(0 + -3 - 4 - (-44 + 37)) + 3
3
Evaluate (0 - 27) + 374 + -368.
-21
Calculate (0 - -4 - -3) + (-14 - -2).
-5
What is the value of (-50 + 28 - -65) + -20?
23
What is the value of 4 + 0 - 27 - (-14 - -21)?
-30
What is -14 + (26 + -28 - (-4 + -50))?
38
9 + -26 + -7 - -16
-8
Calculate 79 + (-11 - 67) - (4 + -1).
-2
Evaluate (-4 - -4) + (-4 - (8 + (2 - 8))).
-6
Evaluate (-1 + 0 - -4) + 10 + -16 + -2.
-5
What is -23 + (42 - (20 + -4))?
3
Evaluate (-74 - -23 - -23) + 8.
-20
What is ((-8 - (5 - 21)) + -19 - -16) + -11?
-6
What is the value of -26 + 38 + (17 - (-1 - -3))?
27
Calculate (14 - 24) + (-13 - 2) - -13.
-12
What is 2 + -4 + (-6 - 1 - 0)?
-9
What is the value of 39 + -7 + -62 - (-5 + -1)?
-24
Evaluate (2 - 2) + -17 + 23 - 14.
-8
What is -41 + 35 - (-3 - -6 - 1)?
-8
What is the value of -9 + (-5 + -2 - (18 + -8 - 12))?
-14
Calculate (-18 - 2 - -2) + 4 + 6.
-8
202 + -189 - (-1 - -14) - 7
-7
What is 4 + 5 - (25 + -7)?
-9
Calculate -1 - ((-2 - 24) + (-2 - 5 - -8)).
24
What is (3 + 3 + -21 - -5) + 0 + -4?
-14
What is 14 + -6 + (-16 - -4)?
-4
Calculate 0 + 2 + -266 + 271.
7
Evaluate (10 - 13) + 2 - 2 - (-8 + 8).
-3
(18 - 18 - 4) + 8
4
0 + 2 - 0 - (-26 - (-16 - -5))
17
What is the value of (14 + -17 - -6) + (3 - (9 - -2))?
-5
Evaluate (-12 - -15) + (-1 - -15).
17
What is the value of (-5 - 0) + (-155 - -146 - (-15 + 1))?
0
(14 - (-2 - -1)) + -367 + 362
10
(-1 - -4) + 43 + 9 + -21 + -14
20
Evaluate (-198 - -186) + (4 - -27).
19
38 + -9 - 19 - 25
-15
What is the value of (-30 - 33 - -33) + 1?
-29
What is the value of -1 + 62 + -492 + 444?
13
Calculate (-69 - -80) + 0 + -24.
-13
-7239 + 7282 + -1 + 3 + (1 - 11)
35
3 - 28 - (-8 - (-30 - (4 + -16)))
-35
What is -2 + -2 + (-36 - -37) + (-3 - 3)?
-9
What is 3 + ((7 - 3) + -5 - 13)?
-11
What is 1 + 5 - (-42 + 41) - 7?
0
81 - 98 - (3 - -4)
-24
What is -24 + 11 + (4 - 1)?
-10
Calculate 2 + (-2 - -2) - (2 + (-6 - -1)).
5
Evaluate -25 + -18 + 17 + -1 + 9.
-18
12 - (14 - -11) - (-12 + -2)
1
What is the value of 51 - (41 + 33 - 43)?
20
Calculate 6 - (63 + -63 + 2 + 4).
0
Calculate -17 + 21 - (-3 - -17).
-10
What is the value of 58 - 1 - (-29 + 8 + 33) - 7?
38
What is -4250 - -4246 - (-1 + 1 - -2 - 18)?
12
What is 16 + -1 - ((-11 - (-1 - 4)) + 15)?
6
What is the value of 6 + -13 - 15 - (1 - -2 - 3)?
-22
Evaluate -24 + -28 + 21 - -57.
26
-6 + 1 + -22 + (3 - -18)
-6
Calculate 14 - ((-17 - -5 - -24) + -3).
5
-8 + (-5 - -9 - -7) + 10
13
What is 39 + -7 + (-3 - 13)?
16
What is (-9 - -4) + (2 - -3) + -8?
-8
Calculate -701 - -687 - (1 - 32).
17
Evaluate (0 - 7 - 1) + 11 - -10.
13
Evaluate -27 - 1 - (74 + -101).
-1
Calculate -10 + 0 + 9 - (0 + -5).
4
2 - (23 + 0) - ((0 - -12) + -15)
-18
Calculate -14 + 8 + (-3 + -1 - 0).
-10
Evaluate -291 - -299 - (3 + 0 + -2 - 18).
25
What is the value of 3 - -5 - (1 + -7 + 17)?
-3
Calculate (88 - 102) + 19 + 0.
5
What is the value of -32 + (25 - 35) + 16?
-26
Calculate 22 + 20 + -23 + -24.
-5
Evaluate -6 - -13 - 8 - (-8 + -9).
16
Evaluate (11 - 0) + (28 - 37) + -22.
-20
3 - (6 - (-17 + 6 - -3) - 1)
-10
Calculate -140 + 150 + (-2 - -1) + -12.
-3
Evaluate (3 - 14) + 6 + -13 + 13.
-5
(13 - -13) + 14 - 9
31
(9 - 17 - (-1 - (14 - 0))) + -19
-12
Calculate (-2 - (-4 + 1)) + (11 - 5).
7
Calculate (2 - -2) + -2 + 0 + -3 + -6.
-7
(-25 - 0 - -35) + 0 + 1
11
5 - 3 - 7 - (43 + -34)
-14
-18 + -2 + -6 + 7 + 6
-13
What is 5 + 7 - 5 - (12 + -10)?
5
Calculate (70 - 30 - 27) + -11.
2
Evaluate (57 + -53 - (-1 - -8)) + (12 - 2).
7
21 + 0 + (-4 - (-5 - 0) - 8)
14
What is the value of 1 - 26 - (-5 + -14)?
-6
Calculate -10 - (12 + -11) - -2.
-9
(-7 - (15 + -7)) + 21
6
What is -12 - ((2 - 21) + 8 - -29)?
-30
-18 + -1 + (419 - 405)
-5
What is the value of (0 - -10) + 98 + -99?
9
What is the value of (27 - 25) + 16 - (7 + 2)?
9
Calculate -50 + (33 - 11) - -58.
30
-1 - (-3 + 3) - (-38 + 35)
2
Evaluate (-3 - -6 - -6) + 37 + (-12 - 14).
20
What is 18 + -2 + 18 + (-14 - 8)?
12
What is the value of -4 + -1 + 144 + -154 + (-1 - -2)?
-14
Evaluate -22 + 32 + 8 - 4.
14
What is -11 - (-17 - (-10 - -22)) - 0?
18
-12 - (26 - (51 + -8))
5
(131 - 121) + (-4 - (2 + -3) - -2)
9
What is the value of (-34 - 6) + (-3 - -20) + -7?
-30
Evaluate 38 - -2 - (-18 + 30 - 11).
39
3 - (-4 + (3 - 6))
10
Evaluate (0 - (-1 - -36)) + (-83 - (11 - 102)).
-27
(61 + -24 - 32) + -18
-13
Calculate (-13 + 11 - -10) + 0 + 1.
9
Evaluate (9 - 2) + -1 - (-24 + 73 + -42).
-1
-8 + 2 + 16 + -24 + (5 - 2)
-11
Evaluate -10 - -10 - (-2 - -6) - -6 - -10.
12
What is the value of 1 + 5 + 2 + -1 + -83 + 69?
-7
Evaluate -14 - (6 - (9 - -6)).
-5
Calculate 397 + -391 + (-2 - -14 - 1).
17
(17 - 3 - -11) + -16
9
Evaluate -27 - -14 - -17 - 17.
-13
Evaluate ((-7 - (-8 + -7)) + 2 - 14) + 12.
8
What is 23 - (50 - 7 - 21)?
1
What is the value of 2 + 18 + -3 + 6 + -17?
6
What is -9 + -19 + 13 + 8?
-7
What is the value of (18 - 19) + 18 + -9?
8
Evaluate (23 - 17 - -12) + -10.
8
2 + -6 - (-15 - -1 - -7 - 8)
11
What is the value of (18 - 4 - (-6 - -11)) + (-3 - 1)?
5
Calculate 25 - (-9 - (-25 + -8)).
1
-6 - (-3 + 12) - -4
-11
Calculate 4 - -2 - 5 - (2 + 6).
-7
-40 - -38 - (-1 + 2 + -5)
2
Calculate -987 + 985 + (2 - (0 + -1)).
1
Calculate 96 + -109 - (16 + -8 + 3).
-24
(-15 - -31) + -17 - -12
11
-1 + -2 - (-1 - 0) - (-18 - -13)
3
What is (2 - 7) + (1 + -13 - -5) + -11?
-23
Calculate (-1 - 13) + (177 - 173).
-10
What is the value of -4 - (-3 + (-1 - -3))?
-3
Evaluate 13 + 10 + -8 + 0 + -1.
14
What is 3 - -5 - (-1 + 3 + 4 - -1)?
1
Evaluate (-6 + 7 + 1 - (-18 - -38)) + 8.
-10
Evaluate -15 + (25 - 5) + 0.
5
Evaluate (11 - (9 + -4 - -2)) + -1.
3
7 - (-22 + 9 - -12 - (-1 + 8))
15
Calculate 14 + (-24 - -7) + 17.
14
Evaluate (2 - (1 + -1)) + (2 - 10 - -1).
-5
Evaluate 20 - (42 + 15 - 32).
-5
What is (-9 + 17 - (0 - 6)) + (-3 - 2)?
9
-3 - (-3 + (-7 - (2 + -10)) + 2)
-3
Evaluate (9 - (-19 + 5)) + 7 - 7 - -10.
33
Evaluate (29 - (0 - ((7 - -3) + -11))) + -2.
26
What is the value of (4 - 12 - -8 - -10) + -19?
-9
12 + (-19 - -30) - 3
20
Calculate (-4 - (0 + -6)) + 5.
7
Calculate 17 - 7 - 5 - (-9 - -3).
11
-21 + 3 + (-14 - 6 - -12)
-26
(2 - 11) + (25 - 17) + 8
7
Evaluate -10 + 2 + 6 + 20 + -15 + 0.
3
Calculate -14 - (15 + 0) - -27.
-2
What is -41 + (4 - -10 - -7)?
-20
What is (3 + 11 - 14) + -13?
-13
Evaluate (-27 + -2 - -41 - (10 + 2)) + 16.
16
Evaluate -19 - ((-3 - 0) + (0 - -8 - 6)).
-18
Evaluate (4 - 0) + -30 + 0 + 15 + -8.
-19
Evaluate (21 + -55 - -28) + -10 + -1.
-17
Evaluate 7 + -4 + -12 - (84 - 111).
18
Calculate 9 - (1 + -5) - 13.
0
-12 + (27 - 13) + 0 + 8
10
What is the value of -1 - ((6 - -2) + -7 - (-7 + 7))?
-2
What is the value of (0 - 0) + (15 - 11) + -4?
0
What is the value of -12 + (2 - (8 + -5))?
-